rs of 1723.
1723
What are the prime factors of 229?
229
What are the prime factors of 32778?
2, 3, 607
List the prime factors of 5.
5
What are the prime factors of 2059?
29, 71
List the prime factors of 239.
239
List the prime factors of 20519.
17, 71
List the prime factors of 3369.
3, 1123
What are the prime factors of 2230?
2, 5, 223
What are the prime factors of 1648?
2, 103
List the prime factors of 128151.
3, 29, 491
List the prime factors of 11394.
2, 3, 211
What are the prime factors of 4944?
2, 3, 103
What are the prime factors of 1482?
2, 3, 13, 19
List the prime factors of 824.
2, 103
List the prime factors of 28048.
2, 1753
What are the prime factors of 12151?
29, 419
List the prime factors of 1651.
13, 127
List the prime factors of 119164.
2, 31
List the prime factors of 13060.
2, 5, 653
What are the prime factors of 720?
2, 3, 5
What are the prime factors of 9188?
2, 2297
What are the prime factors of 3957?
3, 1319
List the prime factors of 27969.
3, 9323
List the prime factors of 26396.
2, 6599
List the prime factors of 53302.
2, 29, 919
List the prime factors of 120587.
120587
What are the prime factors of 49?
7
List the prime factors of 581.
7, 83
What are the prime factors of 6909?
3, 7, 47
List the prime factors of 144.
2, 3
What are the prime factors of 10908?
2, 3, 101
List the prime factors of 56570.
2, 5, 5657
What are the prime factors of 65593?
11, 67, 89
List the prime factors of 3850.
2, 5, 7, 11
List the prime factors of 981.
3, 109
List the prime factors of 582.
2, 3, 97
What are the prime factors of 5658?
2, 3, 23, 41
List the prime factors of 1241.
17, 73
What are the prime factors of 12404?
2, 7, 443
List the prime factors of 1359.
3, 151
What are the prime factors of 10480?
2, 5, 131
List the prime factors of 608.
2, 19
List the prime factors of 23417.
23417
List the prime factors of 1569.
3, 523
List the prime factors of 301.
7, 43
List the prime factors of 50766.
2, 3, 8461
List the prime factors of 2286.
2, 3, 127
List the prime factors of 6474.
2, 3, 13, 83
List the prime factors of 16917.
3, 5639
What are the prime factors of 12013?
41, 293
What are the prime factors of 5310?
2, 3, 5, 59
What are the prime factors of 1950?
2, 3, 5, 13
What are the prime factors of 5224?
2, 653
What are the prime factors of 1505?
5, 7, 43
List the prime factors of 2200.
2, 5, 11
What are the prime factors of 57690?
2, 3, 5, 641
What are the prime factors of 137904?
2, 3, 13, 17
What are the prime factors of 5050?
2, 5, 101
What are the prime factors of 160?
2, 5
List the prime factors of 11962.
2, 5981
What are the prime factors of 131?
131
What are the prime factors of 8345?
5, 1669
List the prime factors of 1245.
3, 5, 83
List the prime factors of 106570.
2, 5, 10657
What are the prime factors of 16471?
7, 13, 181
List the prime factors of 63030.
2, 3, 5, 11, 191
What are the prime factors of 898?
2, 449
List the prime factors of 69725.
5, 2789
List the prime factors of 16504.
2, 2063
What are the prime factors of 6709?
6709
List the prime factors of 90661.
17, 5333
What are the prime factors of 11978?
2, 53, 113
What are the prime factors of 219?
3, 73
List the prime factors of 1200.
2, 3, 5
List the prime factors of 40781.
13, 3137
What are the prime factors of 3393?
3, 13, 29
What are the prime factors of 1311?
3, 19, 23
What are the prime factors of 4257?
3, 11, 43
What are the prime factors of 38502?
2, 3, 23, 31
What are the prime factors of 1601?
1601
List the prime factors of 923.
13, 71
What are the prime factors of 5828?
2, 31, 47
What are the prime factors of 10255?
5, 7, 293
What are the prime factors of 446?
2, 223
List the prime factors of 44040.
2, 3, 5, 367
What are the prime factors of 733?
733
What are the prime factors of 7107?
3, 23, 103
List the prime factors of 2531.
2531
What are the prime factors of 5431?
5431
What are the prime factors of 5181?
3, 11, 157
What are the prime factors of 2968?
2, 7, 53
List the prime factors of 209.
11, 19
What are the prime factors of 9268?
2, 7, 331
What are the prime factors of 4164?
2, 3, 347
List the prime factors of 56399.
7, 1151
What are the prime factors of 2899?
13, 223
What are the prime factors of 5394?
2, 3, 29, 31
List the prime factors of 1621.
1621
What are the prime factors of 38635?
5, 7727
List the prime factors of 11332.
2, 2833
List the prime factors of 6589.
11, 599
What are the prime factors of 34172?
2, 8543
What are the prime factors of 15146?
2, 7573
What are the prime factors of 286?
2, 11, 13
List the prime factors of 466.
2, 233
What are the prime factors of 67658?
2, 33829
List the prime factors of 80576.
2, 1259
List the prime factors of 927.
3, 103
What are the prime factors of 18333?
3, 7, 97
What are the prime factors of 2585?
5, 11, 47
What are the prime factors of 440?
2, 5, 11
What are the prime factors of 2112?
2, 3, 11
List the prime factors of 30493.
30493
List the prime factors of 3928.
2, 491
What are the prime factors of 44635?
5, 79, 113
What are the prime factors of 10107?
3, 1123
List the prime factors of 31431.
3, 10477
List the prime factors of 46616.
2, 5827
What are the prime factors of 1805?
5, 19
What are the prime factors of 31864?
2, 7, 569
What are the prime factors of 1535?
5, 307
List the prime factors of 6540.
2, 3, 5, 109
What are the prime factors of 112?
2, 7
What are the prime factors of 8408?
2, 1051
List the prime factors of 23131.
23131
List the prime factors of 9083.
31, 293
What are the prime factors of 1900?
2, 5, 19
List the prime factors of 230.
2, 5, 23
What are the prime factors of 46826?
2, 13, 1801
List the prime factors of 30415.
5, 7, 11, 79
List the prime factors of 19728.
2, 3, 137
What are the prime factors of 834?
2, 3, 139
List the prime factors of 1955.
5, 17, 23
List the prime factors of 733.
733
List the prime factors of 1878.
2, 3, 313
List the prime factors of 759.
3, 11, 23
What are the prime factors of 2036?
2, 509
List the prime factors of 49851.
3, 29, 191
List the prime factors of 150662.
2, 71, 1061
List the prime factors of 1350.
2, 3, 5
What are the prime factors of 29664?
2, 3, 103
What are the prime factors of 4305?
3, 5, 7, 41
List the prime factors of 1077.
3, 359
List the prime factors of 59403.
3, 19801
List the prime factors of 18312.
2, 3, 7, 109
List the prime factors of 43017.
3, 13, 1103
List the prime factors of 73570.
2, 5, 7, 1051
List the prime factors of 3083.
3083
List the prime factors of 13623.
3, 19, 239
List the prime factors of 995.
5, 199
List the prime factors of 20391.
3, 7, 971
What are the prime factors of 38?
2, 19
What are the prime factors of 16955?
5, 3391
List the prime factors of 10447.
31, 337
What are the prime factors of 103344?
2, 3, 2153
What are the prime factors of 725?
5, 29
List the prime factors of 20421.
3, 2269
What are the prime factors of 1500?
2, 3, 5
List the prime factors of 410.
2, 5, 41
List the prime factors of 303.
3, 101
What are the prime factors of 366?
2, 3, 61
What are the prime factors of 3547?
3547
List the prime factors of 957.
3, 11, 29
What are the prime factors of 18627?
3, 7, 887
List the prime factors of 3635.
5, 727
List the prime factors of 5275.
5, 211
What are the prime factors of 2455?
5, 491
List the prime factors of 11624.
2, 1453
List the prime factors of 12978.
2, 3, 7, 103
List the prime factors of 2794.
2, 11, 127
List the prime factors of 108587.
108587
What are the prime factors of 10751?
13, 827
What are the prime factors of 909?
3, 101
List the prime factors of 1228.
2, 307
List the prime factors of 633.
3, 211
What are the prime factors of 985?
5, 197
What are the prime factors of 6182?
2, 11, 281
What are the prime factors of 108933?
3, 11, 3301
What are the prime factors of 28251?
3, 43, 73
What are the prime factors of 2349?
3, 29
What are the prime factors of 132605?
5, 11, 2411
What are the prime factors of 4646?
2, 23, 101
What are the prime factors of 5796?
2, 3, 7, 23
List the prime factors of 4804.
2, 1201
What are the prime factors of 37660?
2, 5, 7, 269
What are the prime factors of 4167?
3, 463
List the prime factors of 679.
7, 97
What are the prime factors of 21195?
3, 5, 157
List the prime factors of 1385.
5, 277
List the prime factors of 22023.
3, 2447
List the prime factors